{"id":3237,"date":"2023-07-13T10:11:36","date_gmt":"2023-10-05T07:27:13","guid":{"rendered":"https:\/\/depileve.com\/product\/traditional-tray-olive-bio-wax\/"},"modified":"2023-12-21T12:26:18","modified_gmt":"2023-12-21T12:26:18","slug":"olive-bio-tray","status":"publish","type":"product","link":"https:\/\/depileve.com\/es\/productos\/olive-bio-tray\/","title":{"rendered":"Olive bio tray"},"content":{"rendered":"[vc_row type=\u00bbin_container\u00bb full_screen_row_position=\u00bbmiddle\u00bb column_margin=\u00bbdefault\u00bb column_direction=\u00bbdefault\u00bb column_direction_tablet=\u00bbdefault\u00bb column_direction_phone=\u00bbdefault\u00bb scene_position=\u00bbcenter\u00bb text_color=\u00bbdark\u00bb text_align=\u00bbleft\u00bb row_border_radius=\u00bbnone\u00bb row_border_radius_applies=\u00bbbg\u00bb overflow=\u00bbvisible\u00bb overlay_strength=\u00bb0.3&#8243; gradient_direction=\u00bbleft_to_right\u00bb shape_divider_position=\u00bbbottom\u00bb bg_image_animation=\u00bbnone\u00bb][vc_column column_padding=\u00bbno-extra-padding\u00bb column_padding_tablet=\u00bbinherit\u00bb column_padding_phone=\u00bbinherit\u00bb column_padding_position=\u00bball\u00bb column_element_direction_desktop=\u00bbdefault\u00bb column_element_spacing=\u00bbdefault\u00bb desktop_text_alignment=\u00bbcenter\u00bb tablet_text_alignment=\u00bbdefault\u00bb phone_text_alignment=\u00bbdefault\u00bb background_color_opacity=\u00bb1&#8243; background_hover_color_opacity=\u00bb1&#8243; column_backdrop_filter=\u00bbnone\u00bb column_shadow=\u00bbnone\u00bb column_border_radius=\u00bbnone\u00bb column_link_target=\u00bb_self\u00bb column_position=\u00bbdefault\u00bb gradient_direction=\u00bbleft_to_right\u00bb overlay_strength=\u00bb0.3&#8243; width=\u00bb1\/1&#8243; tablet_width_inherit=\u00bbdefault\u00bb animation_type=\u00bbdefault\u00bb bg_image_animation=\u00bbnone\u00bb border_type=\u00bbsimple\u00bb column_border_width=\u00bbnone\u00bb column_border_style=\u00bbsolid\u00bb column_padding_type=\u00bbdefault\u00bb gradient_type=\u00bbdefault\u00bb][tabbed_section style=\u00bbmaterial\u00bb tab_change_animation=\u00bbfade\u00bb alignment=\u00bbcenter\u00bb spacing=\u00bbside-15px\u00bb tab_color=\u00bbAccent-Color\u00bb vs_content_animation=\u00bbfade\u00bb vs_link_animation=\u00bbopacity\u00bb vs_navigation_alignment=\u00bbleft\u00bb vs_navigation_width_2=\u00bb25%\u00bb vs_navigation_func=\u00bbdefault\u00bb vs_navigation_width=\u00bbregular\u00bb vs_navigation_spacing=\u00bb15px\u00bb vs_navigation_mobile_display=\u00bbvisible\u00bb vs_tab_spacing=\u00bb5%\u00bb icon_size=\u00bb24&#8243;][tab icon_family=\u00bbnone\u00bb title=\u00bbCera Para\u00bb id=\u00bb1689242865822-4&#8243; tab_id=\u00bb1689242865823-8&#8243;][vc_column_text]\n<h6 style=\"text-align: center;\">Ideal para todo tipo de pieles, incluso las pieles sensibles y los pelos m\u00e1s duros.<\/h6>\n[\/vc_column_text][\/tab][tab icon_family=\u00bbnone\u00bb title=\u00bbTextura\u00bb id=\u00bb1689242865845-8&#8243; tab_id=\u00bb1689242865846-4&#8243;][vc_column_text]\n<h6 style=\"text-align: center;\">Textura cremosa<\/h6>\n[\/vc_column_text][\/tab][tab icon_family=\u00bbnone\u00bb title=\u00bbHecho de\u00bb id=\u00bb1689242865867-3&#8243; tab_id=\u00bb1689242865868-9&#8243;][vc_column_text]\n<h6 style=\"text-align: center;\">Esta cera est\u00e1 formulada con resina de base biol\u00f3gica y aceite de oliva virgen extra.<\/h6>\n[\/vc_column_text][\/tab][tab icon_family=\u00bbnone\u00bb title=\u00bbComo Aplicar\u00bb id=\u00bb1689242865883-9&#8243; tab_id=\u00bb1689242865884-7&#8243;][vc_column_text]\n<h6 style=\"text-align: center;\">Limpia la piel con loci\u00f3n dermobalance, utiliza una esp\u00e1tula para aplicar una fina capa de cera sobre la piel y espera unos segundos a que se seque y retire con firmeza. aplicar folisan en la zona para prevenir vellos encarnados y finalizar con crema calmante o vitalderm ph.<\/h6>\n[\/vc_column_text][\/tab][tab icon_family=\u00bbnone\u00bb title=\u00bbAlmacenamiento\u00bb id=\u00bb1689242865898-10&#8243; tab_id=\u00bb1689242865898-9&#8243;][vc_column_text]\n<h6 style=\"text-align: center;\">Guardar en lugar fresco y seco. Proteger del calor y la luz solar directa.<\/h6>\n[\/vc_column_text][\/tab][tab icon_family=\u00bbnone\u00bb title=\u00bbAdvertencia\u00bb id=\u00bb1689242865910-2&#8243; tab_id=\u00bb1689242865910-1&#8243;][vc_column_text]\n<h6 style=\"text-align: center;\">Uso cosm\u00e9tico. uso profesional. Solo uso externo. No utilizarlo en zonas da\u00f1adas o sensibilizadas. Mantener fuera del alcance de los ni\u00f1os. Advertencia: muy caliente y puede provocar quemaduras. Evite respirar los vapores emitidos por la cera caliente.<\/h6>\n[\/vc_column_text][\/tab][tab icon_family=\u00bbnone\u00bb title=\u00bbIngredientes\u00bb id=\u00bb1689242865924-9&#8243; tab_id=\u00bb1689242865924-4&#8243;][vc_column_text]\n<h6 style=\"text-align: center;\">GLYCERYL ROSINATE, PARAFFIN, TRIETHYLENE GLYCOL ROSINATE, PARAFFINUM LIQUIDUM (MINERAL OIL), OLEA EUROPAEA (OLIVE) FRUIT OIL, CI 61565 (GREEN 6).<\/h6>\n[\/vc_column_text][\/tab][\/tabbed_section][\/vc_column][\/vc_row]\n","protected":false},"excerpt":{"rendered":"<h6>Repleto de grasas saludables, vitaminas y antioxidantes, la adici\u00f3n de aceite de oliva virgen extra aporta numerosos beneficios para la piel a esta deliciosa f\u00f3rmula. Su bajo punto de fusi\u00f3n y su consistencia el\u00e1stica tambi\u00e9n hacen que sea un placer trabajar con \u00e9l. \u00bfQu\u00e9 es lo que no te gusta?<\/h6>\n<hr \/>\n<h6>Bandejas : 2 x 500 g<\/h6>\n<hr \/>\n<p>&nbsp;<\/p>\n","protected":false},"featured_media":1373,"template":"","meta":{"_acf_changed":false},"product_brand":[],"product_cat":[235,53,168],"product_tag":[],"class_list":{"0":"post-3237","1":"product","2":"type-product","3":"status-publish","4":"has-post-thumbnail","6":"product_cat-bio-wax-es","7":"product_cat-cera-tradicional","8":"product_cat-ceras-es","10":"first","11":"instock","12":"taxable","13":"shipping-taxable","14":"product-type-simple"},"acf":[],"_links":{"self":[{"href":"https:\/\/depileve.com\/es\/wp-json\/wp\/v2\/product\/3237","targetHints":{"allow":["GET"]}}],"collection":[{"href":"https:\/\/depileve.com\/es\/wp-json\/wp\/v2\/product"}],"about":[{"href":"https:\/\/depileve.com\/es\/wp-json\/wp\/v2\/types\/product"}],"wp:featuredmedia":[{"embeddable":true,"href":"https:\/\/depileve.com\/es\/wp-json\/wp\/v2\/media\/1373"}],"wp:attachment":[{"href":"https:\/\/depileve.com\/es\/wp-json\/wp\/v2\/media?parent=3237"}],"wp:term":[{"taxonomy":"product_brand","embeddable":true,"href":"https:\/\/depileve.com\/es\/wp-json\/wp\/v2\/product_brand?post=3237"},{"taxonomy":"product_cat","embeddable":true,"href":"https:\/\/depileve.com\/es\/wp-json\/wp\/v2\/product_cat?post=3237"},{"taxonomy":"product_tag","embeddable":true,"href":"https:\/\/depileve.com\/es\/wp-json\/wp\/v2\/product_tag?post=3237"}],"curies":[{"name":"wp","href":"https:\/\/api.w.org\/{rel}","templated":true}]}}

[vc_row type=»in_container» full_screen_row_position=»middle» column_margin=»default» column_direction=»default» column_direction_tablet=»default» column_direction_phone=»default» scene_position=»center» text_color=»dark» text_align=»left» row_border_radius=»none» row_border_radius_applies=»bg» overflow=»visible» overlay_strength=»0.3&#8243; gradient_direction=»left_to_right» shape_divider_position=»bottom» bg_image_animation=»none»][vc_column column_padding=»no-extra-padding» column_padding_tablet=»inherit» column_padding_phone=»inherit» column_padding_position=»all» column_element_direction_desktop=»default» column_element_spacing=»default» desktop_text_alignment=»center» tablet_text_alignment=»default» phone_text_alignment=»default» background_color_opacity=»1&#8243; background_hover_color_opacity=»1&#8243; column_backdrop_filter=»none» column_shadow=»none» column_border_radius=»none» column_link_target=»_self» column_position=»default» gradient_direction=»left_to_right» overlay_strength=»0.3&#8243; width=»1/1&#8243; tablet_width_inherit=»default» animation_type=»default» bg_image_animation=»none» border_type=»simple» column_border_width=»none» column_border_style=»solid» column_padding_type=»default» gradient_type=»default»][tabbed_section style=»material» tab_change_animation=»fade» alignment=»center» spacing=»side-15px» tab_color=»Accent-Color» vs_content_animation=»fade» vs_link_animation=»opacity» vs_navigation_alignment=»left» vs_navigation_width_2=»25%» vs_navigation_func=»default» vs_navigation_width=»regular» vs_navigation_spacing=»15px» vs_navigation_mobile_display=»visible» vs_tab_spacing=»5%» icon_size=»24&#8243;][tab icon_family=»none» title=»Cera Para» id=»1689242865822-4&#8243; tab_id=»1689242865823-8&#8243;][vc_column_text]
<h6 style="text-align: center;">Ideal para todo tipo de pieles, incluso las pieles sensibles y los pelos más duros.</h6>
[/vc_column_text][/tab][tab icon_family=»none» title=»Textura» id=»1689242865845-8&#8243; tab_id=»1689242865846-4&#8243;][vc_column_text]
<h6 style="text-align: center;">Textura cremosa</h6>
[/vc_column_text][/tab][tab icon_family=»none» title=»Hecho de» id=»1689242865867-3&#8243; tab_id=»1689242865868-9&#8243;][vc_column_text]
<h6 style="text-align: center;">Esta cera está formulada con resina de base biológica y aceite de oliva virgen extra.</h6>
[/vc_column_text][/tab][tab icon_family=»none» title=»Como Aplicar» id=»1689242865883-9&#8243; tab_id=»1689242865884-7&#8243;][vc_column_text]
<h6 style="text-align: center;">Limpia la piel con loción dermobalance, utiliza una espátula para aplicar una fina capa de cera sobre la piel y espera unos segundos a que se seque y retire con firmeza. aplicar folisan en la zona para prevenir vellos encarnados y finalizar con crema calmante o vitalderm ph.</h6>
[/vc_column_text][/tab][tab icon_family=»none» title=»Almacenamiento» id=»1689242865898-10&#8243; tab_id=»1689242865898-9&#8243;][vc_column_text]
<h6 style="text-align: center;">Guardar en lugar fresco y seco. Proteger del calor y la luz solar directa.</h6>
[/vc_column_text][/tab][tab icon_family=»none» title=»Advertencia» id=»1689242865910-2&#8243; tab_id=»1689242865910-1&#8243;][vc_column_text]
<h6 style="text-align: center;">Uso cosmético. uso profesional. Solo uso externo. No utilizarlo en zonas dañadas o sensibilizadas. Mantener fuera del alcance de los niños. Advertencia: muy caliente y puede provocar quemaduras. Evite respirar los vapores emitidos por la cera caliente.</h6>
[/vc_column_text][/tab][tab icon_family=»none» title=»Ingredientes» id=»1689242865924-9&#8243; tab_id=»1689242865924-4&#8243;][vc_column_text]
<h6 style="text-align: center;">GLYCERYL ROSINATE, PARAFFIN, TRIETHYLENE GLYCOL ROSINATE, PARAFFINUM LIQUIDUM (MINERAL OIL), OLEA EUROPAEA (OLIVE) FRUIT OIL, CI 61565 (GREEN 6).</h6>
[/vc_column_text][/tab][/tabbed_section][/vc_column][/vc_row]

<h6>Repleto de grasas saludables, vitaminas y antioxidantes, la adición de aceite de oliva virgen extra aporta numerosos beneficios para la piel a esta deliciosa fórmula. Su bajo punto de fusión y su consistencia elástica también hacen que sea un placer trabajar con él. ¿Qué es lo que no te gusta?</h6>
<hr />
<h6>Bandejas : 2 x 500 g</h6>
<hr />
<p>&nbsp;</p>
