{"id":3225,"date":"2023-07-13T12:38:35","date_gmt":"2023-07-13T12:38:35","guid":{"rendered":"https:\/\/depileve.com\/product\/vitalderm-ph-cream\/"},"modified":"2026-03-02T12:52:58","modified_gmt":"2026-03-02T12:52:58","slug":"vitalderm-ph-cream","status":"publish","type":"product","link":"https:\/\/depileve.com\/es\/productos\/vitalderm-ph-cream\/","title":{"rendered":"Vitalderm crema ph"},"content":{"rendered":"[vc_row type=\u00bbin_container\u00bb full_screen_row_position=\u00bbmiddle\u00bb column_margin=\u00bbdefault\u00bb column_direction=\u00bbdefault\u00bb column_direction_tablet=\u00bbdefault\u00bb column_direction_phone=\u00bbdefault\u00bb scene_position=\u00bbcenter\u00bb text_color=\u00bbdark\u00bb text_align=\u00bbleft\u00bb row_border_radius=\u00bbnone\u00bb row_border_radius_applies=\u00bbbg\u00bb overflow=\u00bbvisible\u00bb overlay_strength=\u00bb0.3&#8243; gradient_direction=\u00bbleft_to_right\u00bb shape_divider_position=\u00bbbottom\u00bb bg_image_animation=\u00bbnone\u00bb][vc_column column_padding=\u00bbno-extra-padding\u00bb column_padding_tablet=\u00bbinherit\u00bb column_padding_phone=\u00bbinherit\u00bb column_padding_position=\u00bball\u00bb column_element_direction_desktop=\u00bbdefault\u00bb column_element_spacing=\u00bbdefault\u00bb desktop_text_alignment=\u00bbcenter\u00bb tablet_text_alignment=\u00bbdefault\u00bb phone_text_alignment=\u00bbdefault\u00bb background_color_opacity=\u00bb1&#8243; background_hover_color_opacity=\u00bb1&#8243; column_backdrop_filter=\u00bbnone\u00bb column_shadow=\u00bbnone\u00bb column_border_radius=\u00bbnone\u00bb column_link_target=\u00bb_self\u00bb column_position=\u00bbdefault\u00bb gradient_direction=\u00bbleft_to_right\u00bb overlay_strength=\u00bb0.3&#8243; width=\u00bb1\/1&#8243; tablet_width_inherit=\u00bbdefault\u00bb animation_type=\u00bbdefault\u00bb bg_image_animation=\u00bbnone\u00bb border_type=\u00bbsimple\u00bb column_border_width=\u00bbnone\u00bb column_border_style=\u00bbsolid\u00bb column_padding_type=\u00bbdefault\u00bb gradient_type=\u00bbdefault\u00bb][tabbed_section style=\u00bbmaterial\u00bb tab_change_animation=\u00bbfade\u00bb alignment=\u00bbcenter\u00bb spacing=\u00bbside-15px\u00bb tab_color=\u00bbAccent-Color\u00bb vs_content_animation=\u00bbfade\u00bb vs_link_animation=\u00bbopacity\u00bb vs_navigation_alignment=\u00bbleft\u00bb vs_navigation_width_2=\u00bb25%\u00bb vs_navigation_func=\u00bbdefault\u00bb vs_navigation_width=\u00bbregular\u00bb vs_navigation_spacing=\u00bb15px\u00bb vs_navigation_mobile_display=\u00bbvisible\u00bb vs_tab_spacing=\u00bb5%\u00bb icon_size=\u00bb24&#8243;][tab icon_family=\u00bbnone\u00bb title=\u00bbCosm\u00e9tico Para\u00bb id=\u00bb1702373868082-8&#8243; tab_id=\u00bb1702373868082-1&#8243;][vc_column_text]\n<h6 style=\"text-align: center;\">\u00abCrema de rescate\u00bb en los protocolos de cuidado de la piel tras la depilaci\u00f3n. Indicado para zonas \u00edntimas\/delicadas. Sin perfume a\u00f1adido.<\/h6>\n[\/vc_column_text][\/tab][tab icon_family=\u00bbnone\u00bb title=\u00bbHecho de\u00bb id=\u00bb1702373868110-4&#8243; tab_id=\u00bb1702373868111-10&#8243;][vc_column_text]\n<h6 style=\"text-align: center;\">Espec\u00edficamente formulado con Extracto de Arroz, Extracto de Rusco, Extracto de Avena y Extracto de Fucus.<\/h6>\n[\/vc_column_text][\/tab][tab icon_family=\u00bbnone\u00bb title=\u00bbC\u00f3mo Aplicar\u00bb id=\u00bb1702373868120-8&#8243; tab_id=\u00bb1702373868120-1&#8243;][vc_column_text]\n<h6 class=\"ewa-rteLine\" style=\"text-align: center;\">Aplicar una cantidad de crema del tama\u00f1o de un guisante directamente sobre las zonas depiladas, masajear ligeramente hasta su completa absorci\u00f3n. Puede utilizarse como mascarilla calmante. Aplicar en una capa m\u00e1s gruesa cubriendo completamente la zona y dejar actuar sobre la piel de 3 a 10 min. Secar cualquier exceso que quede en la piel o masajear hasta su total absorci\u00f3n.<\/h6>\n[\/vc_column_text][\/tab][tab icon_family=\u00bbnone\u00bb title=\u00bbAlmacenamiento\u00bb id=\u00bb1702373868129-0&#8243; tab_id=\u00bb1702373868129-2&#8243;][vc_column_text]\n<h6 style=\"text-align: center;\"><span style=\"color: #000000;\">Conservar en un lugar fresco y seco. Proteger del calor y de la luz solar directa.<\/span><\/h6>\n[\/vc_column_text][\/tab][tab icon_family=\u00bbnone\u00bb title=\u00bbAdvertencia\u00bb id=\u00bb1702373868136-5&#8243; tab_id=\u00bb1702373868136-7&#8243;][vc_column_text]\n<h6 style=\"text-align: center;\">S\u00f3lo para uso externo. Uso cosm\u00e9tico. Uso profesional. No aplicar en zonas sensibilizadas. Mantener fuera del alcance de los ni\u00f1os.<\/h6>\n[\/vc_column_text][\/tab][tab icon_family=\u00bbnone\u00bb title=\u00bbIngredientes\u00bb id=\u00bb1702373868145-8&#8243; tab_id=\u00bb1702373868145-1&#8243;][vc_column_text]\n<h6 style=\"text-align: center;\">AQUA (AGUA), GLICERINA, MIRISTATO DE OCTILDODECILO, TRIGLIC\u00c9RIDO CAPR\u00cdLICO\/C\u00c1PRICO, DIMETICONA, ALCOHOL CET\u00cdLICO, SILICATO DE MAGNESIO Y ALUMINIO, \u00c9STERES POLIGLICERIL-3 DE CANDELILLA\/JOJOBA\/SALVADO DE ARROZ, ESTEARATO DE GLICERILO, TRIGLIC\u00c9RIDOS C10-18, EXTRACTO DE SEMILLA DE AVENA SATIVA (AVENA), EXTRACTO DE FUCUS VESICULOSUS, EXTRACTO DE YEMA DE FAGUS SYLVATICA, EXTRACTO DE RA\u00cdZ DE RUSCUS ACULEATUS, ACETATO DE TOCOFERILO, ALCOHOL CETEAR\u00cdLICO, PROPILENGLICOL, ESTEAROIL LACTILATO S\u00d3DICO, GOMA XANTANA, POLISORBATO 20, PARFUM (FRAGANCIA), \u00c1CIDO S\u00d3RBICO, FENOXIETANOL, SORBATO POT\u00c1SICO, BENZOATO S\u00d3DICO, 2-BROMO-2-NITROPROPANO-1,3-DIOL, DIISOTIONATO DE HEXAMIDINA, METILPARABENO, PROPILPARABENO.<\/h6>\n[\/vc_column_text][\/tab][tab icon_family=\u00bbnone\u00bb title=\u00bbInstrucciones de reciclaje\u00bb id=\u00bb1702373962521-1&#8243; tab_id=\u00bb1702373962521-10&#8243;][vc_column_text]\n<table class=\"table-recycle\">\n<tbody>\n<tr>\n<td class=\"title-recycle\" colspan=\"3\">IT<\/td>\n<\/tr>\n<tr>\n<td>CONTENITORE<\/td>\n<td>HDPE2<\/td>\n<td>PLASTICA<\/td>\n<\/tr>\n<tr>\n<td>TAPPO<\/td>\n<td>PP5<\/td>\n<td>PLASTICA<\/td>\n<\/tr>\n<tr>\n<td>ETICHETA<\/td>\n<td>PP5<\/td>\n<td>PL\u00c1STICA<\/td>\n<\/tr>\n<tr>\n<td colspan=\"3\">RACOLTA DIFFERENZIATA verifica le disposizioni del tuo Comune<\/td>\n<\/tr>\n<\/tbody>\n<\/table>\n[\/vc_column_text][\/tab][\/tabbed_section][\/vc_column][\/vc_row]\n","protected":false},"excerpt":{"rendered":"<h6 class=\"ewa-rteLine\" style=\"text-align: left;\">La \u00abcrema de rescate\u00bb definitiva despu\u00e9s de todas las formas de depilaci\u00f3n. Como un abrazo en una botella, esta deliciosa loci\u00f3n tiene un efecto aparentemente milagroso cuando se trata de reducir la irritaci\u00f3n, reponer la hidrataci\u00f3n y restaurar el pH adecuado de la piel. Imprescindible para la depilaci\u00f3n \u00edntima, no nos ver\u00edan sin ella.<\/h6>\n<hr>\n<h6>Bote: 200 ml<\/h6>\n<hr>\n<p>&nbsp;<\/p>\n","protected":false},"featured_media":4941,"template":"","meta":{"_acf_changed":false},"product_brand":[],"product_cat":[41,215,185],"product_tag":[],"class_list":{"0":"post-3225","1":"product","2":"type-product","3":"status-publish","4":"has-post-thumbnail","6":"product_cat-cosmeticos","7":"product_cat-cuidado-de-la-piel","8":"product_cat-post-depilacion","10":"first","11":"instock","12":"taxable","13":"shipping-taxable","14":"product-type-simple"},"acf":[],"_links":{"self":[{"href":"https:\/\/depileve.com\/es\/wp-json\/wp\/v2\/product\/3225","targetHints":{"allow":["GET"]}}],"collection":[{"href":"https:\/\/depileve.com\/es\/wp-json\/wp\/v2\/product"}],"about":[{"href":"https:\/\/depileve.com\/es\/wp-json\/wp\/v2\/types\/product"}],"wp:featuredmedia":[{"embeddable":true,"href":"https:\/\/depileve.com\/es\/wp-json\/wp\/v2\/media\/4941"}],"wp:attachment":[{"href":"https:\/\/depileve.com\/es\/wp-json\/wp\/v2\/media?parent=3225"}],"wp:term":[{"taxonomy":"product_brand","embeddable":true,"href":"https:\/\/depileve.com\/es\/wp-json\/wp\/v2\/product_brand?post=3225"},{"taxonomy":"product_cat","embeddable":true,"href":"https:\/\/depileve.com\/es\/wp-json\/wp\/v2\/product_cat?post=3225"},{"taxonomy":"product_tag","embeddable":true,"href":"https:\/\/depileve.com\/es\/wp-json\/wp\/v2\/product_tag?post=3225"}],"curies":[{"name":"wp","href":"https:\/\/api.w.org\/{rel}","templated":true}]}}

[vc_row type=»in_container» full_screen_row_position=»middle» column_margin=»default» column_direction=»default» column_direction_tablet=»default» column_direction_phone=»default» scene_position=»center» text_color=»dark» text_align=»left» row_border_radius=»none» row_border_radius_applies=»bg» overflow=»visible» overlay_strength=»0.3&#8243; gradient_direction=»left_to_right» shape_divider_position=»bottom» bg_image_animation=»none»][vc_column column_padding=»no-extra-padding» column_padding_tablet=»inherit» column_padding_phone=»inherit» column_padding_position=»all» column_element_direction_desktop=»default» column_element_spacing=»default» desktop_text_alignment=»center» tablet_text_alignment=»default» phone_text_alignment=»default» background_color_opacity=»1&#8243; background_hover_color_opacity=»1&#8243; column_backdrop_filter=»none» column_shadow=»none» column_border_radius=»none» column_link_target=»_self» column_position=»default» gradient_direction=»left_to_right» overlay_strength=»0.3&#8243; width=»1/1&#8243; tablet_width_inherit=»default» animation_type=»default» bg_image_animation=»none» border_type=»simple» column_border_width=»none» column_border_style=»solid» column_padding_type=»default» gradient_type=»default»][tabbed_section style=»material» tab_change_animation=»fade» alignment=»center» spacing=»side-15px» tab_color=»Accent-Color» vs_content_animation=»fade» vs_link_animation=»opacity» vs_navigation_alignment=»left» vs_navigation_width_2=»25%» vs_navigation_func=»default» vs_navigation_width=»regular» vs_navigation_spacing=»15px» vs_navigation_mobile_display=»visible» vs_tab_spacing=»5%» icon_size=»24&#8243;][tab icon_family=»none» title=»Cosmético Para» id=»1702373868082-8&#8243; tab_id=»1702373868082-1&#8243;][vc_column_text]
<h6 style="text-align: center;">«Crema de rescate» en los protocolos de cuidado de la piel tras la depilación. Indicado para zonas íntimas/delicadas. Sin perfume añadido.</h6>
[/vc_column_text][/tab][tab icon_family=»none» title=»Hecho de» id=»1702373868110-4&#8243; tab_id=»1702373868111-10&#8243;][vc_column_text]
<h6 style="text-align: center;">Específicamente formulado con Extracto de Arroz, Extracto de Rusco, Extracto de Avena y Extracto de Fucus.</h6>
[/vc_column_text][/tab][tab icon_family=»none» title=»Cómo Aplicar» id=»1702373868120-8&#8243; tab_id=»1702373868120-1&#8243;][vc_column_text]
<h6 class="ewa-rteLine" style="text-align: center;">Aplicar una cantidad de crema del tamaño de un guisante directamente sobre las zonas depiladas, masajear ligeramente hasta su completa absorción. Puede utilizarse como mascarilla calmante. Aplicar en una capa más gruesa cubriendo completamente la zona y dejar actuar sobre la piel de 3 a 10 min. Secar cualquier exceso que quede en la piel o masajear hasta su total absorción.</h6>
[/vc_column_text][/tab][tab icon_family=»none» title=»Almacenamiento» id=»1702373868129-0&#8243; tab_id=»1702373868129-2&#8243;][vc_column_text]
<h6 style="text-align: center;"><span style="color: #000000;">Conservar en un lugar fresco y seco. Proteger del calor y de la luz solar directa.</span></h6>
[/vc_column_text][/tab][tab icon_family=»none» title=»Advertencia» id=»1702373868136-5&#8243; tab_id=»1702373868136-7&#8243;][vc_column_text]
<h6 style="text-align: center;">Sólo para uso externo. Uso cosmético. Uso profesional. No aplicar en zonas sensibilizadas. Mantener fuera del alcance de los niños.</h6>
[/vc_column_text][/tab][tab icon_family=»none» title=»Ingredientes» id=»1702373868145-8&#8243; tab_id=»1702373868145-1&#8243;][vc_column_text]
<h6 style="text-align: center;">AQUA (AGUA), GLICERINA, MIRISTATO DE OCTILDODECILO, TRIGLICÉRIDO CAPRÍLICO/CÁPRICO, DIMETICONA, ALCOHOL CETÍLICO, SILICATO DE MAGNESIO Y ALUMINIO, ÉSTERES POLIGLICERIL-3 DE CANDELILLA/JOJOBA/SALVADO DE ARROZ, ESTEARATO DE GLICERILO, TRIGLICÉRIDOS C10-18, EXTRACTO DE SEMILLA DE AVENA SATIVA (AVENA), EXTRACTO DE FUCUS VESICULOSUS, EXTRACTO DE YEMA DE FAGUS SYLVATICA, EXTRACTO DE RAÍZ DE RUSCUS ACULEATUS, ACETATO DE TOCOFERILO, ALCOHOL CETEARÍLICO, PROPILENGLICOL, ESTEAROIL LACTILATO SÓDICO, GOMA XANTANA, POLISORBATO 20, PARFUM (FRAGANCIA), ÁCIDO SÓRBICO, FENOXIETANOL, SORBATO POTÁSICO, BENZOATO SÓDICO, 2-BROMO-2-NITROPROPANO-1,3-DIOL, DIISOTIONATO DE HEXAMIDINA, METILPARABENO, PROPILPARABENO.</h6>
[/vc_column_text][/tab][tab icon_family=»none» title=»Instrucciones de reciclaje» id=»1702373962521-1&#8243; tab_id=»1702373962521-10&#8243;][vc_column_text]
<table class="table-recycle">
<tbody>
<tr>
<td class="title-recycle" colspan="3">IT</td>
</tr>
<tr>
<td>CONTENITORE</td>
<td>HDPE2</td>
<td>PLASTICA</td>
</tr>
<tr>
<td>TAPPO</td>
<td>PP5</td>
<td>PLASTICA</td>
</tr>
<tr>
<td>ETICHETA</td>
<td>PP5</td>
<td>PLÁSTICA</td>
</tr>
<tr>
<td colspan="3">RACOLTA DIFFERENZIATA verifica le disposizioni del tuo Comune</td>
</tr>
</tbody>
</table>
[/vc_column_text][/tab][/tabbed_section][/vc_column][/vc_row]

<h6 class="ewa-rteLine" style="text-align: left;">La «crema de rescate» definitiva después de todas las formas de depilación. Como un abrazo en una botella, esta deliciosa loción tiene un efecto aparentemente milagroso cuando se trata de reducir la irritación, reponer la hidratación y restaurar el pH adecuado de la piel. Imprescindible para la depilación íntima, no nos verían sin ella.</h6>
<hr>
<h6>Bote: 200 ml</h6>
<hr>
<p>&nbsp;</p>
